of 10 and z?
10
Suppose 5*b = 8 + 7. Suppose -3*v = -j - j - 6, -b*v - j = 3. Suppose v = -2*d - 3*d + 270. Calculate the greatest common factor of d and 18.
18
Let f be (-71)/(-2) - 8/(-16). Let o be 2/5 + (-468)/20. Let n = o + 47. What is the greatest common factor of f and n?
12
Let v(d) be the second derivative of 3*d - 1/6*d**3 + 0 + 7*d**2. Let k be v(0). Calculate the greatest common divisor of k and 70.
14
Suppose -4*j - 33 = 5*b, j - 3*b - 11 = -j. Let l be ((-2)/(-4))/(j/(-36)). Let f = 167 + -95. What is the highest common divisor of f and l?
9
Let r(m) = -m - 3. Let n be r(-6). Suppose l - 79 = 3*a, -n*l + 143 = -2*a - 73. Calculate the highest common factor of 28 and l.
14
Suppose 3*a = 2*y - 6, -y + a = -5*y + 40. Suppose -i + 18 = -3*z, 0*i + i - 12 = z. Calculate the highest common divisor of y and i.
9
Suppose -3*y + 32 = -2*y. Suppose -f + 5*f - y = 0. Let w = -1 + f. What is the highest common factor of 49 and w?
7
Let t(m) = 8*m**2 + m - 2. Let k be t(1). Calculate the greatest common divisor of k and 77.
7
Let p(i) = i**3 - 2*i**2 - 5*i + 1. Let r be p(4). What is the greatest common factor of 26 and r?
13
Suppose -8*h + 82 = -110. Let a be 22/4 - (-2)/(-4). Suppose -2 = -a*t + 38. Calculate the highest common divisor of t and h.
8
Suppose 4*n - 8 = 28. Let j = 28 - n. Calculate the highest common factor of 19 and j.
19
Let y = -4 + -1. Let v be (4/y)/(8/(-220)). Let p be 2 + 53 + (0 - 0). What is the greatest common divisor of p and v?
11
Suppose 0 = -b + 2*b. Suppose 34 = v - 2*u, -2*u = -4*v - b*u + 106. What is the highest common factor of v and 8?
8
Let j be (5/(-2))/(1/(-58)). Suppose -117 + 1 = -2*g. What is the greatest common divisor of g and j?
29
Let x = 3 + 4. Let s(t) = 5*t**2 + 1. Let q be s(-2). Calculate the greatest common factor of x and q.
7
Let o be -66 - -1*(-3)/3. Let n = 127 + o. What is the greatest common divisor of 12 and n?
12
Suppose -5*t + 3*a = 4*a - 130, 5*t - 100 = 5*a. Let y = t - 0. What is the highest common divisor of 275 and y?
25
Let g = -1 - -2. Let x(y) = 3*y**3 - y**2 - y + 1. Let c be x(g). Suppose 4*a = -3*i + 2*a + 18, -3*a = 0. What is the highest common divisor of c and i?
2
Let i(w) = w**2 + 13. Let d be i(0). Let c = 51 + 92. What is the highest common divisor of d and c?
13
Let w = -48 + 70. Suppose -3*k + w + 32 = 0. Let p = -2 + 14. What is the highest common divisor of p and k?
6
Let t be 26 - 0 - (-42)/21. Calculate the highest common divisor of t and 14.
14
Let d be (-8)/(-4) - 5 - -9. Let b = 0 + d. What is the highest common factor of 6 and b?
6
Let b = 88 + -86. What is the highest common factor of 5 and b?
1
Let i = -26 + 72. Suppose -f - f = -i. What is the greatest common divisor of f and 253?
23
Suppose -3*l = 4 - 49. Suppose 0 = i - 2*i + 13. Suppose -2*j + 7 = -i. Calculate the highest common factor of j and l.
5
Let c(b) = 0 - 26*b - 3 + 75*b. Let x(d) = d + 1. Let z(o) = -c(o) - 3*x(o). Let k be z(-1). What is the greatest common factor of 13 and k?
13
Let v(d) = 8*d - 2 - d**3 + 7*d**2 + 0*d**3 + 12. Let g be v(8). What is the greatest common divisor of 80 and g?
10
Let a = -7 - -11. Suppose -2*x + 0*x - 3*k = 17, x + k = -6. Let i be x + 1 - (a - 13). Calculate the highest common divisor of 1 and i.
1
Let s(k) = -6*k**3 + 3*k**2 - 9*k - 3. Let y(i) = -i**3 - i + 1. Let c(z) = -s(z) + 5*y(z). Let f be c(6). What is the greatest common divisor of 20 and f?
20
Suppose 2*o + 20 = -2*b, b = -0*b + 3*o - 10. Let x = b - -18. Calculate the greatest common factor of 8 and x.
8
Let z be (0 + 0)*2/(-4). Suppose -v + 16 = -z*v. Let a be 5/(-2)*(-13 + -3). Calculate the highest common factor of a and v.
8
Let p be ((-16)/20)/(2/(-5)). Let b be 5/p*(5 + -3). Calculate the highest common divisor of b and 5.
5
Let y be -1 + (-1 - -2 - -2). Suppose y*d - 24 + 0 = 0. Suppose -h + j + d = 4*j, -24 = -2*h + j. What is the highest common divisor of 12 and h?
12
Let j(d) = d**3 + 4*d**2 - 10*d + 12. Let o be j(-5). Calculate the highest common divisor of 37 and o.
37
Let r = -18 - -32. Calculate the highest common factor of r and 28.
14
Suppose -5*j + 168 = -42. What is the greatest common factor of j and 6?
6
Let m(u) = 2*u + 87. Let v be m(-32). Calculate the highest common divisor of v and 138.
23
Suppose -5*u + 45 = -2*u. Suppose 0*j = -j - 5*a + u, 5*a = -2*j + 25. What is the greatest common factor of 10 and j?
10
Let h be (-441)/(-54) - 1/6. Calculate the highest common divisor of 72 and h.
8
Suppose -v - v + 272 = 0. Let u = -2 - -4. Let h be u - (2/1 - 17). What is the greatest common divisor of h and v?
17
Let g be 37 - 6 - (-3 + -2). Calculate the highest common factor of 4 and g.
4
Suppose 5*f - 96 = -4*q, -f + 6 = 2*q - 36. Suppose -17 = -4*z + 59. Calculate the greatest common divisor of q and z.
19
Suppose -3*s - 198 = -3*i, -37 - 164 = -3*i + 4*s. What is the highest common factor of i and 7?
7
Let j = 114 - 66. Calculate the greatest common factor of 32 and j.
16
Suppose 0 = 5*l + 10 - 75. What is the highest common factor of 247 and l?
13
Let h be (-3 + 9)*21/14. What is the greatest common factor of h and 72?
9
Let k be ((-4)/(-6))/(2/78). Suppose -15 - 24 = -3*p. What is the highest common divisor of p and k?
13
Let i be ((-12)/7)/(6/(-84)). What is the highest common divisor of 36 and i?
12
Suppose -2*c + 260 = -0*c - 4*r, -4*r + 20 = 0. Let h(d) = -13*d + 7. Let b be h(-1). Calculate the greatest common factor of c and b.
20
Let w(p) = -2*p + 4. Let i = -3 + 1. Let x be w(i). Calculate the greatest common factor of 8 and x.
8
Let u be (-2)/(-6)*(-1 - -1). Suppose -h + 7 = 2*c, -4*h + 4 = 2*c - u. Calculate the highest common divisor of 4 and c.
4
Suppose -p + 10 + 6 = 0. Let s be 4/(-2 + 36/p). Let t be 6/((-2)/((-48)/1)). What is the highest common factor of t and s?
16
Let k(b) = -b**3 - 12*b**2 - 14*b - 16. Let g be k(-11). Suppose 126 = 4*d - 146. Calculate the highest common divisor of g and d.
17
Let l(v) = -6*v - 11. Let g be l(-5). What is the highest common factor of 209 and g?
19
Let g be (1 - -16) + 4 + -1. What is the greatest common divisor of 10 and g?
10
Let h(i) = -i**3 + 4*i**2 - 3*i + 2. Let c be h(4). Let k(u) = u**3 + 9*u**2 - 12*u - 15. Let p be k(c). What is the greatest common divisor of 5 and p?
5
Let o(t) = 11*t**3 - t**2 - t + 1. Let s be o(1). Let x be s*((-6)/(-3))/2. What is the highest common factor of 90 and x?
10
Let o(w) = -35*w + 1. Let g(u) = u**3 - 4*u**2 - 7*u + 9. Let i be g(5). Let d be o(i). What is the greatest common divisor of d and 24?
12
Let k = -2 - -4. Suppose k*r = 5*o + 195, -5*o - 435 = -5*r - 10*o. What is the highest common factor of r and 18?
18
Let c(y) = 12*y + 2. Let i be 2/(-6) - (-4)/3. Let d be c(i). What is the highest common factor of 28 and d?
14
Let r = 17 + 49. Suppose -5*c = 2*q + 5 - 39, -2*c = -2*q - 8. What is the greatest common factor of r and c?
6
Suppose -2*g - 5*y = 2*g + 56, 3*y + 56 = -4*g. Let w = g - -102. Calculate the greatest common factor of w and 8.
8
Let z be 0 + (-30)/(-1) + 0. Suppose 4*f + i + 3*i - 20 = 0, f + 5*i + 15 = 0. Let d be (-2 - -12)*12/f. Calculate the highest common divisor of z and d.
6
Suppose 4*l + 8 = 5*l. Calculate the greatest common divisor of l and 40.
8
Suppose 22 = 3*b - 4*s - 10, 4*s + 8 = 0. Let t = b - -3. Let o = -41 - -63. Calculate the highest common factor of t and o.
11
Let r(s) = s**2 + s - 2. Let i be r(4). Suppose 4*d - 4 + 0 = 0. Let k = d + 1. Calculate the greatest common divisor of k and i.
2
Let v(i) = 2 + i - 4*i + 2*i**2 + i**2 - 3. Let l be v(-3). What is the greatest common divisor of l and 7?
7
Let l(y) = y**2 - 5*y - 3. Let h be l(6). Suppose -40 = 2*a - h*a. Suppose 0 = 3*u - 5*t - 75, 4*t - 5 = -u + 3. What is the highest common factor of u and a?
20
Let c(q) = 120*q**3 + 2*q**2 - q - 1. Let x be ((-2)/(-5))/(12/30). Let w be c(x). What is the greatest common divisor of 24 and w?
24
Suppose 0 = -i + 36. Calculate the greatest common divisor of i and 24.
12
Suppose 3*x + 160 = v, -2*x - 2 + 10 = 0. What is the highest common factor of 43 and v?
43
Let a(o) = -14*o + 1. Let v be a(-1). Let c(u) = u. Let h be c(4). Let j be 2*12/32*h. Calculate the greatest common factor of j and v.
3
Let x(m) = -4*m - 107. Let k be x(-36)